e
Let f = 3151 + -1766. Suppose -389 = 3*u - 3263. Let q = f - u. Is q prime?
False
Is (-17)/408*-6 + 79814/8 composite?
True
Is (1/2)/((-2)/(-1013668)) composite?
False
Let i(w) = -w - 1. Let p(x) = -434*x + 5. Let m(h) = -6*i(h) + p(h). Is m(-9) composite?
False
Let f = 2426 - 5841. Let v = -2280 - f. Is v composite?
True
Suppose -b - 4*z + 18 + 3 = 0, -2*b + 15 = -z. Suppose b*q - 8*q = 4. Is q a prime number?
False
Suppose 532 = 4*u - 3*b, 2*u + 0*b = 4*b + 276. Let r = u + -61. Suppose 2*j - r = j. Is j prime?
False
Let f = 15 - 25. Suppose 11*r + 8166 - 63771 = 0. Is (2/(-3))/(f/r) prime?
True
Is (1155 - 0/(-3 - 3)) + -4 a prime number?
True
Let a(w) = 8*w**2 - 22*w - 1. Is a(60) prime?
True
Suppose -221 + 4349 = 8*y. Is y + 3 + (1 - (-1 + 0)) a composite number?
False
Let b be (6489/(-6))/(-7)*(6 + -2). Suppose 2*n - b = -4*n. Is n prime?
True
Suppose 3*m - 45016 = -9*v + 4*v, 4*v = 4*m + 36032. Is v a prime number?
False
Let o = 134 - 36. Let c = 47 + -26. Let m = o - c. Is m composite?
True
Let h be (3/2)/((-10)/20). Is (112/(-12))/(2/h) composite?
True
Let s = -68819 + 117958. Is s composite?
False
Let f = 28650 - 44881. Is f/(-3) - (-2)/3 a composite number?
True
Let g(l) be the third derivative of -12*l**2 - 2/3*l**3 + 0 + 7/24*l**4 + 0*l + 1/6*l**5. Is g(7) a composite number?
True
Let v(t) = -2304*t + 29. Is v(-1) a composite number?
False
Let q be (-3)/2 + 9/6. Let g(f) = 9*f**2 + 4*f + 12. Let y be g(5). Suppose q = l - 5*p - y, -l - p + 169 + 88 = 0. Is l a composite number?
False
Let a(d) = -4*d**3 - d**2 + 12*d + 5. Let j be a(-6). Let r = j + -316. Is r composite?
True
Suppose 4*m + 8 = 28. Let x = m + 72. Is x a prime number?
False
Let t = 919 + -560. Is t composite?
False
Suppose -3*w + 8*w - 4*l - 165409 = 0, -5 = 5*l. Is w composite?
True
Suppose -60 - 14 = 3*a + 5*j, 4*a + 4*j + 104 = 0. Let w = a - -6. Is (0 + w)/(4/(-22)) a composite number?
True
Suppose 31*g = -27*g + 1554458. Is g a prime number?
True
Suppose -a + 2*m = 0, 4 = a + a - 3*m. Is (36/a - 4)*1418 a prime number?
True
Suppose 0 = 2*u - 10*u. Suppose -4*t + u*t = -1276. Is t a composite number?
True
Let x = 28 - 31. Let m(k) = -27*k**3 + 3*k**2 - 5*k - 2. Is m(x) a prime number?
True
Let x be (-13 - (-2 - 1)) + 0. Let k = x + 12. Let s(h) = 27*h - 5. Is s(k) a composite number?
True
Let c(x) = 3*x**3 + x**2 + 14*x - 3. Let d(z) = -5*z**3 - 3*z**2 - 29*z + 7. Let a(f) = 5*c(f) + 2*d(f). Is a(5) a composite number?
False
Suppose 603 = -192*n + 201*n. Is n composite?
False
Suppose 7*f + 2859 = -3*w + 2*f, 2*w - 4*f = -1928. Let z = -372 - w. Is z a prime number?
False
Suppose 2*u - 4140 = -1140. Let y = u + -223. Is y composite?
False
Let m(r) = 8*r**2 + 5*r + 4. Let s be m(-3). Let a = -40 + s. Is a composite?
True
Let f be (5 - (-4 + 0)) + -4. Suppose 10 = f*v - 5. Suppose 528 = 2*y + 5*l, -8*y + 5*l + 1250 = -v*y. Is y composite?
True
Let q(p) = -p**3 + 19*p**2 + 24*p + 41. Let t be q(20). Suppose f + t = 3*m - 5581, -3*m + 5699 = -4*f. Is m prime?
True
Let z = -6692 - -12589. Is z prime?
True
Suppose 0 = 5*m - 0*m + 30. Let x be 402*1/(m/(-4)). Suppose -4*j + x = -4*v, 4*j - 2*v - 155 = 121. Is j a composite number?
False
Let y = -777 - -1294. Let t = y + -48. Is t a prime number?
False
Suppose -p - i + 2213 = -0*i, -i = -5*p + 11065. Is p a composite number?
False
Suppose -5*v = -3*l - 39 + 3, 0 = v - l - 6. Let b = -25 + v. Let p = b - -227. Is p a prime number?
True
Let h be 2 - 0 - (4 + -5). Suppose -3*a - 2*b = 3*b - 6128, h*b = a - 2066. Is a composite?
True
Let t(d) = d + 7. Let h be t(-3). Is 406/h*(-44)/(-77) a composite number?
True
Suppose 0 = -7*g - 4*g + 297. Suppose -298 = 25*c - g*c. Is c a prime number?
True
Let m = -3579 + 9433. Is m composite?
True
Let i = 607 - 1045. Suppose -5*g + 1347 = -1908. Let n = g + i. Is n a prime number?
False
Is -9 + 336/35 - 182312/(-5) prime?
False
Is (6014 - 7)*1/1 a composite number?
False
Let q = -1 + 1. Let h = -69 + 71. Suppose -h*g + q*g = -74. Is g composite?
False
Suppose -t + 1950 = -2308. Is t a prime number?
False
Suppose -3*g + 72 = 4*c, -6*c = -c + 5*g - 85. Let v be (-2160)/(-7) + c/49. Suppose v = 4*l - 135. Is l composite?
True
Let j = 2989 + 5433. Suppose 2*r - 4*i - j = 0, i = 3*i + 10. Is r a prime number?
True
Let l(q) = -q**3 - 4*q**2 - 5*q - 3. Let j be l(-3). Suppose -5*g - 5*y = -2720, -3*y + 7*y = j*g - 1611. Is g a composite number?
False
Suppose -f - 24 = -7*f. Suppose 1 + 15 = 4*c. Suppose 0 = 4*d - f*i - 324, -8 + 0 = c*i. Is d a composite number?
False
Suppose 3*y - 2*y = -4*i - 2, 2*i = -3*y - 16. Let h(d) = -8 - 6*d + 4*d - 18*d - 19*d. Is h(y) a prime number?
False
Suppose 5037 = 13*a - 6052. Is a prime?
True
Let l = 6 + -2. Let v be (0*(-3)/(-12))/(-3). Suppose -d = -5*t - 49, v = d - l*t - 0*t - 47. Is d a composite number?
True
Is (-11)/44 + (-1829)/(-4) + 0 composite?
False
Suppose 4*l + q - 60075 = 0, 4*l + 10*q - 2*q - 60068 = 0. Is l composite?
True
Let d be (-33)/3 + -4 + 1. Let c be 4/d - 136/14. Is (-4)/c + 3129/15 a composite number?
True
Suppose -3*u = 2*b - 16, -4*u + 5*u - 2 = b. Let n(h) = -h**3 + 5*h**2 + 6*h - 6. Let c be n(6). Is 714/9 + b/c prime?
True
Suppose -217432 = 44*w - 52*w. Is w prime?
True
Let m = 1789 + -1092. Is m a composite number?
True
Let n = -2639 + 5113. Is n prime?
False
Let j be -16*(4 - 7/2). Let d(i) = -3*i**3 - 8*i**2 + 7*i - 9. Is d(j) composite?
True
Let h(y) = -33*y + 31. Let l(v) = -v + 1. Let n(j) = -h(j) - 6*l(j). Is n(16) prime?
True
Let m(s) be the third derivative of 1/30*s**5 + 0*s + 13/6*s**3 + 1/24*s**4 + 5*s**2 + 0. Is m(10) a prime number?
True
Suppose -k - 3*w + 20 = 0, 5*k - 5 = -0*k + 4*w. Suppose -2*g = -3*g - 4*r + 181, k*g + 2*r = 941. Let i = g - 32. Is i a composite number?
False
Is (52/12)/((-7)/(-57309)) prime?
False
Suppose 0 = 16*j - 11*j - 3*i - 49553, -49549 = -5*j + 4*i. Is j composite?
True
Suppose 4*f - 111 = 3*f. Suppose -5*h = v - f, 5*v + h - 555 = 4*h. Is v a prime number?
False
Let p(d) be the third derivative of -d**6/120 + 3*d**5/20 - d**4/3 - 5*d**3/6 + 14*d**2. Is p(6) a composite number?
True
Let w = 2116 + -1301. Suppose -17*t = -12*t - w. Is t a composite number?
False
Suppose -4*l + 2*g = g - 17176, -12 = -3*g. Suppose 12163 = 3*d + s, -l = -2*d + 3*s + 3799. Suppose 5*h + u - d = -1458, 0 = 3*h + 3*u - 1557. Is h prime?
False
Suppose -a - 2233 = -k - 0*a, 0 = 3*a + 15. Let p = k - 1327. Is p a composite number?
True
Suppose 1336 + 448 = 2*f. Let i be (20 - 4)/((-2)/(-6)). Suppose -4*j + f = i. Is j a composite number?
False
Is -9 - (-10 - -1) - -28043 prime?
False
Let u(g) = -5*g**2 + 16*g + 4. Let y(c) = 14*c**2 - 48*c - 13. Suppose 0*w = 3*w - 51. Let o(f) = w*u(f) + 6*y(f). Is o(-7) a composite number?
False
Let r(t) = -t**3 + t**2 + 2. Let c be r(-2). Suppose -c = 4*l - 46. Suppose -f = -3 - l. Is f a composite number?
False
Let z(d) = 2701*d - 517. Is z(26) a composite number?
False
Let p be (12/(-9) + 1)*-18. Let u be p/2 + 838/2. Suppose 2*d - u = -0*d. Is d a composite number?
False
Let b(m) = -16*m**2 + m + 4. Let c = 2 + -7. Let w be b(c). Let a = 708 + w. Is a a prime number?
True
Let x be (-10)/(-10) - 22*2. Let z be (-1 - 1)*x/(-2). Is -2 + 3 + 2 - z composite?
True
Suppose 5*w = 4*a - 35763, 11*w - 26846 = -3*a + 10*w. Is a composite?
True
Is (-6)/4*(-208258)/93 a composite number?
False
Let h be (-1 - 25/(-15))*(-36)/8. Is 6/4*(-3326)/h composite?
False
Let n(s) = -s**3 - s**2 + 11. Let r be n(0). Let g be r/(2 - 75/36). Let i = g - -343. Is i prime?
True
Let h = 10218 - -8399. Is h a prime number?
True
Let u(v) = v + 18. Let l be u(-11). Suppose l*h - 41 = 848. Is h prime?
True
Is 4/(1/(43114/8)) prime?
True
Is (-2)/14 - (-7806)/7 composite?
True
Let t be (-7 - (-12 + 0)) + 215. Let h(q) = q**3 + q - 1. Let a be h(-5). Let c = t + a. Is c composite?
False
Is 127*(-4*(-29)/4 + 2) a prime number?
False
Let f(x) = 661*x**3 + 4*x - 8. Is f(3) prime?
True
Let s(l) = -612*l**3 + 3*l**2 + 3*l + 19. Is s(-3) composite?
False
Suppose 27654 + 10102 = 4*a. Is a a composite number?
False
Suppose 5*j = 8*j. Let a be -64 - (j - (5 + -1)). Let b = a - -175. Is b a composite number?
True
Let t = 6938 - -10209. Is t prime?
False
Let j(c) = -c**2 + 1. Let b be (-45)/10*4/(-6). Let f be